{"id":13,"date":"2011-12-16T10:54:54","date_gmt":"2011-12-16T10:54:54","guid":{"rendered":"http:\/\/www.water-dog.net\/?page_id=13"},"modified":"2022-06-29T19:44:41","modified_gmt":"2022-06-29T19:44:41","slug":"home","status":"publish","type":"page","link":"https:\/\/www.water-dog.net\/?page_id=13","title":{"rendered":"CASA VALDALISO"},"content":{"rendered":"<p><strong>Portugiesischer Wasserhund<\/strong> \u2022 Cao de Agua Portugues \u2022 Portugalaki pas za vodu \u2022 Portugalski vodni pes \u2022 Portuguese Water Dog<\/p>\n<p>Der Portugiesische Wasserhund ist eine mittelgro\u00dfe Hunderasse 43-57cm (16-25kg), hat ein nichthaarendes Fell, ohne typischen Hundegeruch und ist daher f\u00fcr Allergiker sehr gut geeignet.<br \/>\nWeiter Eigenschaften: Kein ausgepr\u00e4gter Jagdtrieb, kl\u00e4ffen nicht, sehr sanftm\u00fctig und unkompliziert im Zusammenleben mit anderen Haustieren.<\/p>\n<p>Wegen seines sanften und ausgeglichenen Wesens mit sehr hoher Reizschwelle wird der Portugiesische Wasserhund mit Erfolg auch als Therapiehund eingesetzt.<br \/>\nGerade im Umgang mit Kindern erweisen sich die meisten Wasserhunde als au\u00dferordentlich r\u00fccksichtsvoll. Alles in allem ist der Portugiesische Wasserhund ein idealer Familien- und Begleithund.<\/p>\n<p>Unsere Welpen wachsen in der Familie auf, Zwingerhaltung gibt es bei uns nicht.<\/p>\n<p>Wir sind \u00d6KV Mitglied. Auf der Seite des \u00d6KV k\u00f6nnen Sie sich \u00fcber die Zuchtordnung informieren.&nbsp;<\/p>\n<p>Die Zucht- und Eintragungsordnung (ZEO) des \u00d6sterreichischen Kynologenverbandes (\u00d6KV)<br \/>\nregelt die Zucht von Rassehunden gem\u00e4\u00df den von der F\u00e8d\u00e9ration Cynologique Internationale<br \/>\n(FCI) anerkannten Standards und die Eintragung von Rassehunden in das \u00d6sterreichische<br \/>\nHundezuchtbuch (\u00d6HZB). Sie gilt f\u00fcr das Gebiet der Republik \u00d6sterreich und ist f\u00fcr alle<br \/>\nVerbandsk\u00f6rperschaften (VK) des \u00d6KV und f\u00fcr deren Mitglieder verbindlich.<\/p>\n<p>Wir freuen uns auf ihren Anruf: +43 676 489 72 79<\/p>\n<p>Adresse: A-7423, Pinkafeld Burgenland<br \/>\nFamilie Cerin<br \/>\nZuchtst\u00e4dtenname: CASA VALDALISO<br \/>\nRegistrierungs-Nr.: F.C.I.-a 75\/11<br \/>\nHomepage: www.water-dog.net<\/p>\n","protected":false},"excerpt":{"rendered":"<p>Portugiesischer Wasserhund \u2022 Cao de Agua Portugues \u2022 Portugalaki pas za vodu \u2022 Portugalski vodni pes \u2022 Portuguese Water Dog Der Portugiesische Wasserhund ist eine mittelgro\u00dfe Hunderasse 43-57cm (16-25kg), hat ein nichthaarendes Fell, ohne typischen Hundegeruch und ist daher f\u00fcr &hellip; <a href=\"https:\/\/www.water-dog.net\/?page_id=13\">Weiterlesen <span class=\"meta-nav\">&rarr;<\/span><\/a><\/p>\n","protected":false},"author":357,"featured_media":0,"parent":0,"menu_order":0,"comment_status":"closed","ping_status":"closed","template":"sidebar-page.php","meta":[],"_links":{"self":[{"href":"https:\/\/www.water-dog.net\/index.php?rest_route=\/wp\/v2\/pages\/13"}],"collection":[{"href":"https:\/\/www.water-dog.net\/index.php?rest_route=\/wp\/v2\/pages"}],"about":[{"href":"https:\/\/www.water-dog.net\/index.php?rest_route=\/wp\/v2\/types\/page"}],"author":[{"embeddable":true,"href":"https:\/\/www.water-dog.net\/index.php?rest_route=\/wp\/v2\/users\/357"}],"replies":[{"embeddable":true,"href":"https:\/\/www.water-dog.net\/index.php?rest_route=%2Fwp%2Fv2%2Fcomments&post=13"}],"version-history":[{"count":47,"href":"https:\/\/www.water-dog.net\/index.php?rest_route=\/wp\/v2\/pages\/13\/revisions"}],"predecessor-version":[{"id":1585,"href":"https:\/\/www.water-dog.net\/index.php?rest_route=\/wp\/v2\/pages\/13\/revisions\/1585"}],"wp:attachment":[{"href":"https:\/\/www.water-dog.net\/index.php?rest_route=%2Fwp%2Fv2%2Fmedia&parent=13"}],"curies":[{"name":"wp","href":"https:\/\/api.w.org\/{rel}","templated":true}]}}